{"id":145,"date":"2016-04-07T21:52:20","date_gmt":"2016-04-07T19:52:20","guid":{"rendered":"https:\/\/www.hrc-muenster.de\/wordpress\/?page_id=145"},"modified":"2016-04-26T12:29:23","modified_gmt":"2016-04-26T10:29:23","slug":"jubilaeumsfest","status":"publish","type":"page","link":"https:\/\/www.hrc-muenster.de\/wordpress\/ueber-uns\/jubilaeumsfest\/","title":{"rendered":"Jubil\u00e4umsfest"},"content":{"rendered":"<figure id=\"attachment_144\" aria-describedby=\"caption-attachment-144\" style=\"width: 300px\" class=\"wp-caption alignright\"><img loading=\"lazy\" decoding=\"async\" class=\"wp-image-144 size-medium\" src=\"https:\/\/www.hrc-muenster.de\/wordpress\/wp-content\/uploads\/2016\/04\/25_Jahre_HRC_Muenster-300x200.jpg\" alt=\"25 Jahre HRC_Muenster\" width=\"300\" height=\"200\" srcset=\"https:\/\/www.hrc-muenster.de\/wordpress\/wp-content\/uploads\/2016\/04\/25_Jahre_HRC_Muenster-300x200.jpg 300w, https:\/\/www.hrc-muenster.de\/wordpress\/wp-content\/uploads\/2016\/04\/25_Jahre_HRC_Muenster-768x512.jpg 768w, https:\/\/www.hrc-muenster.de\/wordpress\/wp-content\/uploads\/2016\/04\/25_Jahre_HRC_Muenster-1024x683.jpg 1024w, https:\/\/www.hrc-muenster.de\/wordpress\/wp-content\/uploads\/2016\/04\/25_Jahre_HRC_Muenster.jpg 1089w\" sizes=\"auto, (max-width: 300px) 85vw, 300px\" \/><figcaption id=\"caption-attachment-144\" class=\"wp-caption-text\">Gruppenfoto vor dem Schlepper- und Landmaschinen-Museum Altenberge<\/figcaption><\/figure>\n<p><b>Gelungenes Jubil\u00e4umsfest zum 25j\u00e4hrigen der Heinkelfreunde<br \/>\nvom 15. bis 17. Juli 2011<\/b><\/p>\n<p>F\u00fcr die Heinkelfreunde steht eines fest: Petrus war ein Heinkelfahrer, denn er bescherte<br \/>\ngutes Wetter zum Treffen am Schleppermuseum in Altenberge. War es zum<br \/>\nEinrichten f\u00fcr das Fest zum 25j\u00e4hrigen Bestehen des Heinkel-Roller-Clubs M\u00fcnster<br \/>\nnoch sehr regnerisch, so schien beim Eintreffen der Heinkelroller fahrenden G\u00e4ste aus<br \/>\nHamburg, G\u00f6ttingen, dem Hunsr\u00fcck, der Eifel und der n\u00e4heren Umgebung die Sonne.<br \/>\nDas Schleppermuseum bildete das n\u00f6tige sch\u00f6ne Ambiente f\u00fcr ein gelungenes<br \/>\nOldtimertreffen.<\/p>\n<p>Am Samstag, starteten 60 Heinkelrollerfahrer zu einer zweieinhalbst\u00fcndigen Rundfahrt<br \/>\ndurch das wundersch\u00f6ne M\u00fcnsterland rund um Havixbeck. Die Tour f\u00fchrte \u00fcber<br \/>\nBillerbeck zum Longinusturm, dann durch das Stevertal nach Tilbeck. Am Scho\u00df<br \/>\nH\u00fclshoff pausierten die Rollerfahrer zur Besichtigung der Au\u00dfenanlagen. Weiter f\u00fchrte<br \/>\ndie Strecke dann durch das Stiftsdorf Hohenholte zur\u00fcck zum Schleppermuseum, wo f\u00fcr<br \/>\ndas leibliche Wohl der G\u00e4ste durch des Heinkelclub M\u00fcnster bestens gesorgt wurde.<\/p>\n<p>Einige Havixbecker sowie M\u00fcnsteraner nutzten die Gelegenheit, die bestens<br \/>\nrestaurierten Oldtimerclub anzusehen.<\/p>\n<p>Viel Beifall fand der Auftritt der jungen Havixbecker, Dennis Minnerop und Aaron<br \/>\nKn\u00fcppel., mit ihrer gelungen vorgetragenen Jonglage und Diabolonummer.<\/p>\n<p>Wie bei solchen Treffen \u00fcblich, entwickelte sich bei Benzingespr\u00e4chen \u00fcber ihre<br \/>\ngeliebten Sch\u00e4tzchen, bei einem guten Gl\u00e4schen Wein oder Bier sowie<br \/>\nhandgemachter Schifferklaviermusik durch unseren Clubkollegen Horst Mei\u00dfner eine<br \/>\nausgezeichnete Stimmung. Bis sich die G\u00e4ste in ihre Zelte und Wohnmobile<br \/>\nverabschiedeten, war der Abend weit fortgeschritten.<\/p>\n<p>Beim Abschied am Sonntag nach einem ausgiebigen Fr\u00fchst\u00fcck bescheinigten alle<br \/>\nG\u00e4ste dem Heinkelclub M\u00fcnster wieder ein gelungenes Fest organisiert zu haben, und<br \/>\nversprachen, bei n\u00e4chster Gelegenheit wieder zu kommen.<\/p>\n<p>Die n\u00e4chste Gelegenheit, um sich alte Ger\u00e4te anzusehen, haben Interessenten beim<br \/>\nMuseumstag im Schleppermuseum am Samstag \/ Sonntag, den 30. und 31. Juli 2011.<\/p>\n<p>Text: Hermann N.<\/p>\n","protected":false},"excerpt":{"rendered":"<p>Gelungenes Jubil\u00e4umsfest zum 25j\u00e4hrigen der Heinkelfreunde vom 15. bis 17. Juli 2011 F\u00fcr die Heinkelfreunde steht eines fest: Petrus war ein Heinkelfahrer, denn er bescherte gutes Wetter zum Treffen am Schleppermuseum in Altenberge. War es zum Einrichten f\u00fcr das Fest zum 25j\u00e4hrigen Bestehen des Heinkel-Roller-Clubs M\u00fcnster noch sehr regnerisch, so schien beim Eintreffen der Heinkelroller &hellip; <a href=\"https:\/\/www.hrc-muenster.de\/wordpress\/ueber-uns\/jubilaeumsfest\/\" class=\"more-link\"><span class=\"screen-reader-text\">\u201eJubil\u00e4umsfest\u201c <\/span>weiterlesen<\/a><\/p>\n","protected":false},"author":2,"featured_media":0,"parent":21,"menu_order":3,"comment_status":"closed","ping_status":"closed","template":"","meta":{"footnotes":""},"class_list":["post-145","page","type-page","status-publish","hentry"],"_links":{"self":[{"href":"https:\/\/www.hrc-muenster.de\/wordpress\/wp-json\/wp\/v2\/pages\/145","targetHints":{"allow":["GET"]}}],"collection":[{"href":"https:\/\/www.hrc-muenster.de\/wordpress\/wp-json\/wp\/v2\/pages"}],"about":[{"href":"https:\/\/www.hrc-muenster.de\/wordpress\/wp-json\/wp\/v2\/types\/page"}],"author":[{"embeddable":true,"href":"https:\/\/www.hrc-muenster.de\/wordpress\/wp-json\/wp\/v2\/users\/2"}],"replies":[{"embeddable":true,"href":"https:\/\/www.hrc-muenster.de\/wordpress\/wp-json\/wp\/v2\/comments?post=145"}],"version-history":[{"count":2,"href":"https:\/\/www.hrc-muenster.de\/wordpress\/wp-json\/wp\/v2\/pages\/145\/revisions"}],"predecessor-version":[{"id":431,"href":"https:\/\/www.hrc-muenster.de\/wordpress\/wp-json\/wp\/v2\/pages\/145\/revisions\/431"}],"up":[{"embeddable":true,"href":"https:\/\/www.hrc-muenster.de\/wordpress\/wp-json\/wp\/v2\/pages\/21"}],"wp:attachment":[{"href":"https:\/\/www.hrc-muenster.de\/wordpress\/wp-json\/wp\/v2\/media?parent=145"}],"curies":[{"name":"wp","href":"https:\/\/api.w.org\/{rel}","templated":true}]}}