{"id":19,"date":"2016-03-29T10:47:55","date_gmt":"2016-03-29T08:47:55","guid":{"rendered":"https:\/\/www.hrc-muenster.de\/wordpress\/?page_id=19"},"modified":"2025-11-06T10:24:30","modified_gmt":"2025-11-06T09:24:30","slug":"startseite","status":"publish","type":"page","link":"https:\/\/www.hrc-muenster.de\/wordpress\/","title":{"rendered":"Startseite"},"content":{"rendered":"<h2>Willkommen<img loading=\"lazy\" decoding=\"async\" class=\" wp-image-90 alignright\" src=\"https:\/\/www.hrc-muenster.de\/wordpress\/wp-content\/uploads\/2016\/03\/M\u00fcnster-Wappen_krusiv-gross-160x300.jpg\" alt=\"M\u00fcnster-Wappen_krusiv-gross\" width=\"90\" height=\"168\" \/><\/h2>\n<div class=\"sidepicture\"><\/div>\n<p><b>Herzlich Willkommen auf der Internetseite des Heinkel-Roller-Club-M\u00fcnster<\/b><\/p>\n<p>Wir freuen uns, Sie auf unserer Webseite begr\u00fc\u00dfen zu d\u00fcrfen. Hier bekommen sie Informationen zu unserem Stammtischleben. Bleiben Sie auf unseren Seiten!<br \/>\nDabei verbinden wir pr\u00e4zises Handwerk mit alter Technik.<\/p>\n<p><span style=\"color: #ff0000;\"><strong>&#8222;Wir feiern im Mai 2026 unser 40j\u00e4hriges Jubil\u00e4um! (<a href=\"https:\/\/www.hrc-muenster.de\/wordpress\/wp-content\/uploads\/2025\/11\/Anmeldeformular-40-Jahre-HRC-MS-A5.pdf\">Download<\/a>)<\/strong><\/span><\/p>\n<p><span style=\"color: #3366ff;\"><em>(<strong>einige Videos sind neu, siehe Downlodliste oder unter Video)<br \/>\n<span style=\"color: #ff6600;\">\u00a0Termine: (den Stammtischkalender findet Ihr unter Download!)<\/span><br \/>\n<\/strong><\/em><\/span><\/p>\n<p style=\"text-align: center;\"><b><i>Wir treffen uns jeden 2. Freitag im Monat \/<\/i><\/b><\/p>\n<p>im Landhotel \u201c<b>Sendes<\/b>\u201d<br \/>\nKley. 43<br \/>\n48308 Senden\/B\u00f6sensell<br \/>\n(19:00 Uhr)<\/p>\n<p>Das Landhotel findet Ihr im Internet &#8222;<a class=\"link\" title=\"hrc-MS Stammtisch\" href=\"http:\/\/www.landhotel-sendes.de\/\" target=\"_blank\" rel=\"noopener noreferrer\">Hier<\/a>&#8220;<\/p>\n<p>Wegbeschreibung siehe Button: \u00dcber uns \/ Ihr Weg zu uns (<a href=\"https:\/\/www.hrc-muenster.de\/wordpress\/?page_id=28\">oder HIER<\/a>)<\/p>\n<p>Die Mehrzahl der Stammtischmitglieder sind auch im <b><i>Heinkel-Club Deutschland e.V.<\/i><\/b> organisiert.<br \/>\nEiner der gr\u00f6\u00dften markengebundenen Oldtimer-Clubs Europas<br \/>\nLink zum &#8222;HCD&#8220; <a class=\"link\" title=\"Hinkel-Club Deutschland e.V.\" href=\"http:\/\/www.heinkel-club.de\" target=\"_blank\" rel=\"noopener noreferrer\">(hier) <\/a><\/p>\n<p><span style=\"color: #008000;\"><em>(die Heinkelfreunde vom HRC-M\u00fcnster, sind eine Interessengemeinschaft und verfolgt keine Kommerziellen Ziele)<\/em><\/span><\/p>\n","protected":false},"excerpt":{"rendered":"<p>Willkommen Herzlich Willkommen auf der Internetseite des Heinkel-Roller-Club-M\u00fcnster Wir freuen uns, Sie auf unserer Webseite begr\u00fc\u00dfen zu d\u00fcrfen. Hier bekommen sie Informationen zu unserem Stammtischleben. Bleiben Sie auf unseren Seiten! Dabei verbinden wir pr\u00e4zises Handwerk mit alter Technik. &#8222;Wir feiern im Mai 2026 unser 40j\u00e4hriges Jubil\u00e4um! (Download) (einige Videos sind neu, siehe Downlodliste oder unter &hellip; <a href=\"https:\/\/www.hrc-muenster.de\/wordpress\/\" class=\"more-link\"><span class=\"screen-reader-text\">\u201eStartseite\u201c <\/span>weiterlesen<\/a><\/p>\n","protected":false},"author":2,"featured_media":0,"parent":0,"menu_order":0,"comment_status":"closed","ping_status":"closed","template":"","meta":{"footnotes":""},"class_list":["post-19","page","type-page","status-publish","hentry"],"_links":{"self":[{"href":"https:\/\/www.hrc-muenster.de\/wordpress\/wp-json\/wp\/v2\/pages\/19","targetHints":{"allow":["GET"]}}],"collection":[{"href":"https:\/\/www.hrc-muenster.de\/wordpress\/wp-json\/wp\/v2\/pages"}],"about":[{"href":"https:\/\/www.hrc-muenster.de\/wordpress\/wp-json\/wp\/v2\/types\/page"}],"author":[{"embeddable":true,"href":"https:\/\/www.hrc-muenster.de\/wordpress\/wp-json\/wp\/v2\/users\/2"}],"replies":[{"embeddable":true,"href":"https:\/\/www.hrc-muenster.de\/wordpress\/wp-json\/wp\/v2\/comments?post=19"}],"version-history":[{"count":48,"href":"https:\/\/www.hrc-muenster.de\/wordpress\/wp-json\/wp\/v2\/pages\/19\/revisions"}],"predecessor-version":[{"id":2245,"href":"https:\/\/www.hrc-muenster.de\/wordpress\/wp-json\/wp\/v2\/pages\/19\/revisions\/2245"}],"wp:attachment":[{"href":"https:\/\/www.hrc-muenster.de\/wordpress\/wp-json\/wp\/v2\/media?parent=19"}],"curies":[{"name":"wp","href":"https:\/\/api.w.org\/{rel}","templated":true}]}}