{"id":231,"date":"2013-04-09T21:56:40","date_gmt":"2013-04-09T19:56:40","guid":{"rendered":"https:\/\/www.hrc-muenster.de\/wordpress\/?page_id=231"},"modified":"2017-05-01T12:49:28","modified_gmt":"2017-05-01T10:49:28","slug":"einmal-ein-anderes-geburtstagsgeschenk","status":"publish","type":"page","link":"https:\/\/www.hrc-muenster.de\/wordpress\/berichte\/einmal-ein-anderes-geburtstagsgeschenk\/","title":{"rendered":"einmal ein anderes Geburtstagsgeschenk"},"content":{"rendered":"<p>Frau T. ist \u00fcber das Internet auf unsere Homepage des Heinkel-Roller-Club-M\u00fcnster aufmerksam <img loading=\"lazy\" decoding=\"async\" class=\" wp-image-170 alignright\" src=\"https:\/\/www.hrc-muenster.de\/wordpress\/wp-content\/uploads\/2016\/04\/Heinkeltour_Thiel-300x225.jpg\" alt=\"Geburtstagsgeschenk\" width=\"252\" height=\"189\" srcset=\"https:\/\/www.hrc-muenster.de\/wordpress\/wp-content\/uploads\/2016\/04\/Heinkeltour_Thiel-300x225.jpg 300w, https:\/\/www.hrc-muenster.de\/wordpress\/wp-content\/uploads\/2016\/04\/Heinkeltour_Thiel-768x577.jpg 768w, https:\/\/www.hrc-muenster.de\/wordpress\/wp-content\/uploads\/2016\/04\/Heinkeltour_Thiel.jpg 783w\" sizes=\"auto, (max-width: 252px) 85vw, 252px\" \/>geworden. Sie hatte nach M\u00f6glichkeiten eines Geburtstagsgeschenk f\u00fcr Ihren Schwiegervater gesucht. Da Ihr Schwiegervater in seiner Jugend Heinkelroller \u00fcber einen l\u00e4ngeren Zeitraum gefahren hatte, wollte Sie mit der Familie ihm zu seinem 70ten Geburtstag einen besondere Freude bereiten.<br \/>\nIm Juni 2012 bekam ich einen Anruf, in dem ich von Frau T. gefragt wurde, ob ich f\u00fcr einen &#8222;alten (fr\u00fcheren) Heinkelfahrer als Geburtstagsgeschenk eine Heinkeltour organisieren k\u00f6nnte oder eine Person w\u00fcsste, die so etwas organisieren kann. Ich sagte Ihr, da\u00df ich bei dieser Angelegenheit behilflich sein wollte. Leider hatte ich keine M\u00f6glichkeit mit den Stammtischkollegen das Anliegen der Frau T. auf unserem Stammtischabend durch zu sprechen, bzw. mit einigen Heinklern eine Tour zu organisieren. Daf\u00fcr war die Zeit ein bisschen zu kurz gewesen.<br \/>\nSo habe ich mich bereit erkl\u00e4rt, eine Tour am 18.07.2012, dieser Tag sollte noch abgestimmt werden, mit Herrn T. als \u201eSozius\u201c zu fahren.<br \/>\nIch habe dann eine Nachmittagstour ausgearbeitet, die in Ladbergen an dem Restaurant \u201eGasthaus zur Post \u201e enden sollte.<br \/>\nNach der Geburtstagsfeier des Herrn T. bekam ich die Nachricht per E-Mail:<br \/>\nWir haben die Unterlagen ausgedruckt und zusammen mit einem Gedicht \u00fcberreicht. Mein Schwiegervater hat sich sehr dar\u00fcber gefreut und denkt nun \u00fcber ein m\u00f6gliches Datum nach. Er meldet sich kurzfristig bei Ihnen!<br \/>\nIch bekam dann die Nachricht, da\u00df ich die Tour am 18.07.2012 Nachmittags fahren k\u00f6nne.<br \/>\nAlso machte ich mich am oben genannten Datum auf den Weg. Gegen 15:00 Uhr wollten wir die Tour beginnen.<br \/>\nBei Herrn T. angekommen, schaute seine Familie zu, wie er sich f\u00fcr die Ausfahrt zurecht machte. Zu meiner \u00dcberraschung hatte Herr T. noch seine alte Motorradkleidung, die er auch zu dieser Tour anziehen wollte. Diese bestand aus normaler Kleidung, einen Klepper Regenmantel und einem Schalenhelm der Marke R\u00f6mer.<br \/>\nSo \u201everkleidet\u201c begaben wir uns auf die Strecke. Mein bestreben war, haupts\u00e4chlich Landstra\u00dfen zu fahren und Bundesstra\u00dfen zu vermieden.<br \/>\nSo verlief unsere Strecke:<br \/>\n<b>Start<\/b>= Vennemannstra\u00dfe , 48157 M\u00fcnster; W\u00f6ste; Telgte; Ostbeverner Stra\u00dfe\/L830; Milte; L830; Ostbevern durch Ort; Westbevern; Vadrup; Fuestruper; Fuestruper Stra\u00dfe\/K55; Postdamm; Grevener Stra\u00dfe\/L555; Ladbergen; M\u00fchlenstra\u00dfe\/K11; <b>Ziel<\/b>.<br \/>\nKurz vor unserem Ziel \u00fcberholte uns ein hupender PKW, den wir kurz darauf am Restaurant beim Einparken wieder eingeholt hatten.<br \/>\nVor dem Restaurant wurde Herr T. von seiner Familie in Empfang genommen und ich trat mein R\u00fcckfahrt nach hause an.<\/p>\n<p>w\/p<\/p>\n","protected":false},"excerpt":{"rendered":"<p>Frau T. ist \u00fcber das Internet auf unsere Homepage des Heinkel-Roller-Club-M\u00fcnster aufmerksam geworden. Sie hatte nach M\u00f6glichkeiten eines Geburtstagsgeschenk f\u00fcr Ihren Schwiegervater gesucht. Da Ihr Schwiegervater in seiner Jugend Heinkelroller \u00fcber einen l\u00e4ngeren Zeitraum gefahren hatte, wollte Sie mit der Familie ihm zu seinem 70ten Geburtstag einen besondere Freude bereiten. Im Juni 2012 bekam ich &hellip; <a href=\"https:\/\/www.hrc-muenster.de\/wordpress\/berichte\/einmal-ein-anderes-geburtstagsgeschenk\/\" class=\"more-link\"><span class=\"screen-reader-text\">\u201eeinmal ein anderes Geburtstagsgeschenk\u201c <\/span>weiterlesen<\/a><\/p>\n","protected":false},"author":2,"featured_media":0,"parent":221,"menu_order":100,"comment_status":"closed","ping_status":"closed","template":"","meta":{"footnotes":""},"class_list":["post-231","page","type-page","status-publish","hentry"],"_links":{"self":[{"href":"https:\/\/www.hrc-muenster.de\/wordpress\/wp-json\/wp\/v2\/pages\/231","targetHints":{"allow":["GET"]}}],"collection":[{"href":"https:\/\/www.hrc-muenster.de\/wordpress\/wp-json\/wp\/v2\/pages"}],"about":[{"href":"https:\/\/www.hrc-muenster.de\/wordpress\/wp-json\/wp\/v2\/types\/page"}],"author":[{"embeddable":true,"href":"https:\/\/www.hrc-muenster.de\/wordpress\/wp-json\/wp\/v2\/users\/2"}],"replies":[{"embeddable":true,"href":"https:\/\/www.hrc-muenster.de\/wordpress\/wp-json\/wp\/v2\/comments?post=231"}],"version-history":[{"count":3,"href":"https:\/\/www.hrc-muenster.de\/wordpress\/wp-json\/wp\/v2\/pages\/231\/revisions"}],"predecessor-version":[{"id":257,"href":"https:\/\/www.hrc-muenster.de\/wordpress\/wp-json\/wp\/v2\/pages\/231\/revisions\/257"}],"up":[{"embeddable":true,"href":"https:\/\/www.hrc-muenster.de\/wordpress\/wp-json\/wp\/v2\/pages\/221"}],"wp:attachment":[{"href":"https:\/\/www.hrc-muenster.de\/wordpress\/wp-json\/wp\/v2\/media?parent=231"}],"curies":[{"name":"wp","href":"https:\/\/api.w.org\/{rel}","templated":true}]}}