{"id":236,"date":"2015-05-22T22:15:29","date_gmt":"2015-05-22T20:15:29","guid":{"rendered":"https:\/\/www.hrc-muenster.de\/wordpress\/?page_id=236"},"modified":"2023-07-23T12:56:58","modified_gmt":"2023-07-23T10:56:58","slug":"orgatour-ms-2015","status":"publish","type":"page","link":"https:\/\/www.hrc-muenster.de\/wordpress\/berichte\/orgatour-ms-2015\/","title":{"rendered":"Orgatour-MS-2015"},"content":{"rendered":"<p align=\"justify\"><b>Das Versprechen gehalten\u2026<\/b><\/p>\n<figure id=\"attachment_916\" aria-describedby=\"caption-attachment-916\" style=\"width: 300px\" class=\"wp-caption alignright\"><img loading=\"lazy\" decoding=\"async\" class=\"size-medium wp-image-916\" src=\"https:\/\/www.hrc-muenster.de\/wordpress\/wp-content\/uploads\/2018\/03\/Hof-Fockenbrock_07-300x169.jpg\" alt=\"\" width=\"300\" height=\"169\" srcset=\"https:\/\/www.hrc-muenster.de\/wordpress\/wp-content\/uploads\/2018\/03\/Hof-Fockenbrock_07-300x169.jpg 300w, https:\/\/www.hrc-muenster.de\/wordpress\/wp-content\/uploads\/2018\/03\/Hof-Fockenbrock_07-768x432.jpg 768w, https:\/\/www.hrc-muenster.de\/wordpress\/wp-content\/uploads\/2018\/03\/Hof-Fockenbrock_07.jpg 1000w\" sizes=\"auto, (max-width: 300px) 85vw, 300px\" \/><figcaption id=\"caption-attachment-916\" class=\"wp-caption-text\">MS-Orgatour auf dem Hof Fockenbrock<\/figcaption><\/figure>\n<p align=\"justify\">Das Organisationsteam vom Jahrestreffen 2012 in Salzbergen ist sich seinem Versprechen des Zusammenhalts treu geblieben. Nach dem ersten Treffen in Salzbergen und dem zweiten Treffen in Osnabr\u00fcck, ging in diesem Jahr das Zepter an das Team aus M\u00fcnster. Federf\u00fchrend f\u00fcr das Wiedersehen waren Hermann &amp; Erika Nixdorf sowie Wolfgang &amp; Monika Pelz, die mit Unterst\u00fctzung weiterer Heinkelfreunde f\u00fcr ein herzliches Wiedersehen sorgten. Auch wenn das Wetter sich nicht von der sch\u00f6nsten Seite zeigte, unterstrich es doch den unbedingten Willen sich wiederzusehen. Mit dieser Einstellung lie\u00dfen sich alle Teilnehmer von Wolfgang durch die ausgearbeitete Rundtour f\u00fchren, die uns mit interessanten Zwischenstopps \u00fcberraschte. So durften wir beim ersten Stopp den kaum bekannten Eiskeller in Altenberge besichtigen. 1860 als Brau-G\u00e4r-und K\u00fchlkeller f\u00fcr die Bierproduktion der gr\u00f6\u00dften Brauerei Beuing in Altenberge erbaut, wurde er 2004 nach jahrelangem verschollen f\u00fcr die \u00d6ffentlichkeit wieder zug\u00e4nglich gemacht.<\/p>\n<p align=\"justify\">Der weitere Verlauf unserer Rundtour f\u00fchrte uns auf einem Bio-Hof, wo wir uns mit hei\u00dfem Kaffee aufw\u00e4rmen konnten. Zur St\u00e4rkung wurden obendrein noch leckerer Kuchen und deftig belegte Schnittchen serviert. Nach der St\u00e4rkung nahm sich dann der Hausherr die Zeit, uns in den t\u00e4glichen Ablauf eines Bio- Bauernhofes einzuweihen.<\/p>\n<p align=\"justify\"><a name=\"_GoBack\"><\/a>Die R\u00fccktour f\u00fchrte uns durch Alleen vorbei an Wiesen und Felder, die trotz des bescheidenen Wetter nichts an ihren Reiz verloren hatten. Das Ziel war wieder der Startpunkt, wo wir im Wesseler Treckermuseum in Altenberge den Tag mit leckeren vom Grill und mitgebrachten Salaten abschlie\u00dfen konnten. Das Wiedersehen war sehr warmherzig und man versprach sich eine Fortf\u00fchrung dieser Zusammenkunft.<\/p>\n<p align=\"justify\">Wir bedanken uns bei allen Verantwortlichen und freuen uns auf ein n\u00e4chstes Orga.-Treffen<\/p>\n<p align=\"justify\">Reiner &amp; Annette Splinter<\/p>\n","protected":false},"excerpt":{"rendered":"<p>Das Versprechen gehalten\u2026 Das Organisationsteam vom Jahrestreffen 2012 in Salzbergen ist sich seinem Versprechen des Zusammenhalts treu geblieben. Nach dem ersten Treffen in Salzbergen und dem zweiten Treffen in Osnabr\u00fcck, ging in diesem Jahr das Zepter an das Team aus M\u00fcnster. Federf\u00fchrend f\u00fcr das Wiedersehen waren Hermann &amp; Erika Nixdorf sowie Wolfgang &amp; Monika Pelz, &hellip; <a href=\"https:\/\/www.hrc-muenster.de\/wordpress\/berichte\/orgatour-ms-2015\/\" class=\"more-link\"><span class=\"screen-reader-text\">\u201eOrgatour-MS-2015\u201c <\/span>weiterlesen<\/a><\/p>\n","protected":false},"author":2,"featured_media":0,"parent":221,"menu_order":93,"comment_status":"closed","ping_status":"closed","template":"","meta":{"footnotes":""},"class_list":["post-236","page","type-page","status-publish","hentry"],"_links":{"self":[{"href":"https:\/\/www.hrc-muenster.de\/wordpress\/wp-json\/wp\/v2\/pages\/236","targetHints":{"allow":["GET"]}}],"collection":[{"href":"https:\/\/www.hrc-muenster.de\/wordpress\/wp-json\/wp\/v2\/pages"}],"about":[{"href":"https:\/\/www.hrc-muenster.de\/wordpress\/wp-json\/wp\/v2\/types\/page"}],"author":[{"embeddable":true,"href":"https:\/\/www.hrc-muenster.de\/wordpress\/wp-json\/wp\/v2\/users\/2"}],"replies":[{"embeddable":true,"href":"https:\/\/www.hrc-muenster.de\/wordpress\/wp-json\/wp\/v2\/comments?post=236"}],"version-history":[{"count":6,"href":"https:\/\/www.hrc-muenster.de\/wordpress\/wp-json\/wp\/v2\/pages\/236\/revisions"}],"predecessor-version":[{"id":1784,"href":"https:\/\/www.hrc-muenster.de\/wordpress\/wp-json\/wp\/v2\/pages\/236\/revisions\/1784"}],"up":[{"embeddable":true,"href":"https:\/\/www.hrc-muenster.de\/wordpress\/wp-json\/wp\/v2\/pages\/221"}],"wp:attachment":[{"href":"https:\/\/www.hrc-muenster.de\/wordpress\/wp-json\/wp\/v2\/media?parent=236"}],"curies":[{"name":"wp","href":"https:\/\/api.w.org\/{rel}","templated":true}]}}