{"id":258,"date":"2014-08-11T17:08:15","date_gmt":"2014-08-11T15:08:15","guid":{"rendered":"https:\/\/www.hrc-muenster.de\/wordpress\/?page_id=258"},"modified":"2023-07-23T12:55:28","modified_gmt":"2023-07-23T10:55:28","slug":"orgatour-osnabrueck-2014","status":"publish","type":"page","link":"https:\/\/www.hrc-muenster.de\/wordpress\/berichte\/orgatour-osnabrueck-2014\/","title":{"rendered":"Orgatour-Osnabr\u00fcck 2014"},"content":{"rendered":"<p><span style=\"font-size: x-large;\">Bei Jutta und Friedel auf&#8217;m Land<\/span><\/p>\n<p><span style=\"font-size: medium;\">Frei nach dem sch\u00f6nen Lied von Reinhard May &#8222;bei G\u00fcnter und Inge auf&#8217;m Land&#8220; trafen sich die Mitglieder des Orga-Teams des Jahrestreffens von 2012 am 17. Mai 2014 auf dem Bauernhof von Jutta und Friedel in Osnabr\u00fcck-Bissendorf.<\/span><\/p>\n<p><span style=\"font-size: medium;\">Nach dem ersten gem\u00fctliche Zusammensein 2013 in Salzbergen war es das zweite Mal, dass sich die Orga-Mitglieder der Stammtische Rheine-Salzbergen, Lengerich, Osnabr\u00fcck und M\u00fcnster zu einer Ausfahrt mit anschlie\u00dfendem Grillen und Kl\u00f6nschnak trafen.<\/span><\/p>\n<p><span style=\"font-size: medium;\">In diesem Jahr hatten Jutta und Friedel vom Stammtisch Osnabr\u00fcck eingeladen und 30 Heinkelfreunde folgten diesem Ruf. Nach einem Begr\u00fc\u00dfungskaffee machten wir uns auf eine Rundfahrt durch das wundersch\u00f6ne Osnabr\u00fccker Land. Das Wetter zeigte sich von seiner allerbesten Seite. Beim ersten Stop am Gradierwerk in Bad Essen wurden wir von Jutta, die sich vorher richtig schlau gemacht hatte, \u00fcber die Besonderheiten der Salzgewinnung und dem Entstehen des Urmeers vor Millionen Jahren, informiert.<\/span><\/p>\n<p><span style=\"font-size: medium;\">Danach erkundeten wir die Saurierf\u00e4hrten bei Brockhagen. <\/span><\/p>\n<p><span style=\"font-size: medium;\">Nach dem Ausflug in die fr\u00fche Zeitgeschichte des Osnabr\u00fccker Landes kehrten wir zur\u00fcck in die j\u00fcngere Vergangenheit \u2013 n\u00e4mlich zum Traktorenmuseum Gr\u00f6negau-Buer e.V. in Melle am Burgsiek 5. Hier waren wir zu einer F\u00fchrung durch das Museum angemeldet und ein Mitglied des Museums erkl\u00e4rte uns die Besonderheiten der ausgestellten und allesamt noch betriebsbereiten landwirtschaftlichen Maschinen, wie Traktoren, Dampf- und Dreschmaschinen.<\/span><\/p>\n<p><span style=\"font-size: medium;\">Nach Beendigung der sehr interessanten F\u00fchrung hatten wir die Gelegenheit, die Backk\u00fcnste der Ehefrauen der Museumsmannschaft auf unseren Zungen zergehen zu lassen. Sie hatten eigens f\u00fcr unseren Besuch die tollsten Torten hergestellt. <\/span><\/p>\n<figure id=\"attachment_914\" aria-describedby=\"caption-attachment-914\" style=\"width: 300px\" class=\"wp-caption alignright\"><img loading=\"lazy\" decoding=\"async\" class=\"size-medium wp-image-914\" src=\"https:\/\/www.hrc-muenster.de\/wordpress\/wp-content\/uploads\/2018\/03\/Orgatour-2014_Brethold_110-300x200.jpg\" alt=\"\" width=\"300\" height=\"200\" srcset=\"https:\/\/www.hrc-muenster.de\/wordpress\/wp-content\/uploads\/2018\/03\/Orgatour-2014_Brethold_110-300x200.jpg 300w, https:\/\/www.hrc-muenster.de\/wordpress\/wp-content\/uploads\/2018\/03\/Orgatour-2014_Brethold_110-768x512.jpg 768w, https:\/\/www.hrc-muenster.de\/wordpress\/wp-content\/uploads\/2018\/03\/Orgatour-2014_Brethold_110.jpg 1000w\" sizes=\"auto, (max-width: 300px) 85vw, 300px\" \/><figcaption id=\"caption-attachment-914\" class=\"wp-caption-text\">Teilnehmer des Orga-Teams vor dem Traktorenmuseum in Gr\u00f6negau-Buer e.V. in Melle am Burgsiek 5<\/figcaption><\/figure>\n<p><span style=\"font-size: medium;\">Nachdem wir das obligatorische Foto vor dem Museum im &#8222;Kasten&#8220; hatten, machten wir uns wieder auf den Weg zum Hof von Jutta und Friedel.<\/span><\/p>\n<p><span style=\"font-size: medium;\">Hier wurde \u2013 unter Zuhilfenahme eines Laubbl\u00e4sers (damit alles etwas schneller ging) \u2013 der gro\u00dfe Schwenkgrill &#8222;angeworfen&#8220; und anschlie\u00dfend gab&#8217;s etwas Deftiges auf die Gabel. Die Beilagen zum Fleisch hatten unsere &#8222;Sozias&#8220; mitgebracht. W\u00e4hrend des Grillens kam noch unser Heinkelfreund Alfred Reichert, der selbst nicht mehr Heinkelroller fahren kann, dazu und wir schwelgten in Erinnerungen.<\/span><\/p>\n<p><span style=\"font-size: medium;\">Der Abend verlief dann \u2013 wie schon 2013 in Salzbergen in fr\u00f6hlicher Runde mit den Heinkelfreunden der beteiligten Stammtische, nicht ohne Versprechen, sich im n\u00e4chsten Jahr (2015) beim Stammtisch M\u00fcnster zu treffen.<\/span><\/p>\n<p><span style=\"font-size: medium;\">Zum Schluss bleibt nur noch, sich bei den Osnabr\u00fcckern und ganz besonders bei Jutta und Friedel, f\u00fcr wundersch\u00f6ne Treffen und bei Petrus f\u00fcr das &#8222;Superwetter&#8220; zu bedanken.<\/span><\/p>\n<p><span style=\"font-size: medium;\">Hermann Nixdorf (Mtgl.-Nr. 3198)<\/span><\/p>\n","protected":false},"excerpt":{"rendered":"<p>Bei Jutta und Friedel auf&#8217;m Land Frei nach dem sch\u00f6nen Lied von Reinhard May &#8222;bei G\u00fcnter und Inge auf&#8217;m Land&#8220; trafen sich die Mitglieder des Orga-Teams des Jahrestreffens von 2012 am 17. Mai 2014 auf dem Bauernhof von Jutta und Friedel in Osnabr\u00fcck-Bissendorf. Nach dem ersten gem\u00fctliche Zusammensein 2013 in Salzbergen war es das zweite &hellip; <a href=\"https:\/\/www.hrc-muenster.de\/wordpress\/berichte\/orgatour-osnabrueck-2014\/\" class=\"more-link\"><span class=\"screen-reader-text\">\u201eOrgatour-Osnabr\u00fcck 2014\u201c <\/span>weiterlesen<\/a><\/p>\n","protected":false},"author":2,"featured_media":0,"parent":221,"menu_order":95,"comment_status":"closed","ping_status":"closed","template":"","meta":{"footnotes":""},"class_list":["post-258","page","type-page","status-publish","hentry"],"_links":{"self":[{"href":"https:\/\/www.hrc-muenster.de\/wordpress\/wp-json\/wp\/v2\/pages\/258","targetHints":{"allow":["GET"]}}],"collection":[{"href":"https:\/\/www.hrc-muenster.de\/wordpress\/wp-json\/wp\/v2\/pages"}],"about":[{"href":"https:\/\/www.hrc-muenster.de\/wordpress\/wp-json\/wp\/v2\/types\/page"}],"author":[{"embeddable":true,"href":"https:\/\/www.hrc-muenster.de\/wordpress\/wp-json\/wp\/v2\/users\/2"}],"replies":[{"embeddable":true,"href":"https:\/\/www.hrc-muenster.de\/wordpress\/wp-json\/wp\/v2\/comments?post=258"}],"version-history":[{"count":4,"href":"https:\/\/www.hrc-muenster.de\/wordpress\/wp-json\/wp\/v2\/pages\/258\/revisions"}],"predecessor-version":[{"id":1782,"href":"https:\/\/www.hrc-muenster.de\/wordpress\/wp-json\/wp\/v2\/pages\/258\/revisions\/1782"}],"up":[{"embeddable":true,"href":"https:\/\/www.hrc-muenster.de\/wordpress\/wp-json\/wp\/v2\/pages\/221"}],"wp:attachment":[{"href":"https:\/\/www.hrc-muenster.de\/wordpress\/wp-json\/wp\/v2\/media?parent=258"}],"curies":[{"name":"wp","href":"https:\/\/api.w.org\/{rel}","templated":true}]}}