{"id":282,"date":"2013-02-24T18:16:46","date_gmt":"2013-02-24T17:16:46","guid":{"rendered":"https:\/\/www.hrc-muenster.de\/wordpress\/?page_id=282"},"modified":"2023-07-23T12:53:52","modified_gmt":"2023-07-23T10:53:52","slug":"kiki-101-a0","status":"publish","type":"page","link":"https:\/\/www.hrc-muenster.de\/wordpress\/berichte\/kiki-101-a0\/","title":{"rendered":"Kiki 101 A0"},"content":{"rendered":"<p>&nbsp;<\/p>\n<h1 class=\"western\"><span style=\"font-size: x-large;\"><span lang=\"de\">Restaurieren eines Kiki 101 A0<br \/>\n6 Volt Baujahr 1954<\/span><\/span><\/h1>\n<p class=\"western\" style=\"text-align: right;\"><span style=\"font-size: small;\"><span lang=\"de\">von Rainer \u2013 Maria Deppe<\/span><\/span><br \/>\n<span style=\"font-size: small;\"><span lang=\"de\"> Tel.: 02535 &#8211; 8168<\/span><\/span><br \/>\n<span style=\"font-size: small;\"><span lang=\"de\"> Mobil: 0172 &#8211; 5346494<\/span><\/span><\/p>\n<p class=\"western\" style=\"text-align: right;\"><span style=\"font-size: small;\"><span lang=\"de\"> Sept. 2011 \u2013 Mai 2012<\/span><\/span><\/p>\n<p class=\"western\"><span style=\"font-family: Times New Roman,serif;\"><span lang=\"de\">Auf unserem Abheinkeln in Havixbeck im Herbst 2010 erfuhr ich in Gespr\u00e4chen mit Hubert Bachhausen und Alois Berg von einem angefangenen Heinkelprojekt im Raum Aachen. Da ich mir vorgenommen habe, irgendwann in ferner Zukunft einmal von jedem Heinkeltyp einen restauriert zu haben, kam mir diese Gelegenheit gerade recht .<\/span><\/span><\/p>\n<p class=\"western\"><span style=\"font-family: Times New Roman,serif;\"><span lang=\"de\">So wurden kurz darauf mit dem Besitzer Herrn Gerards aus Roetgen Kontakte gekn\u00fcpft und vereinbart, die Rollerteile nach unserem Familienurlaub im Sommer 2011 abzuholen.<\/span><\/span><\/p>\n<p class=\"western\"><span style=\"font-family: Times New Roman,serif;\"><span lang=\"de\">Gesagt, &#8211; getan!!!<\/span><\/span><\/p>\n<p class=\"western\"><span style=\"font-family: Times New Roman,serif;\"><span lang=\"de\">Und so erhielt ich von Herrn Gerards f\u00fcr 500 \u20ac einen zerlegten Roller, der bereits des \u00d6fteren verunfallt war jedoch einen gut \u00fcberholten Motor ohne Kolben und Auspuff. Es lag ein Zylinder mit 175 cm\u00b3 bei. Ebenfalls wurde ich darauf hingewiesen, dass eine der drei Z\u00fcndspulendefekt sei. Es wurde kein Brief mitgegeben, da auch mein Vorg\u00e4nger keinen erhalten hatte.<\/span><\/span><\/p>\n<p class=\"western\"><span style=\"font-family: Times New Roman,serif;\"><span lang=\"de\">So kam viel Arbeit auf mich zu !!!!!. <\/span><\/span><\/p>\n<p class=\"western\"><span style=\"font-family: Times New Roman,serif;\"><span lang=\"de\">Aber bekanntlich l\u00e4sst sich ja auch aus einem h\u00e4sslichen Frosch ein K\u00f6nigssohn zaubern.<\/span><\/span><\/p>\n<p class=\"western\"><span style=\"font-family: Times New Roman,serif;\"><span lang=\"de\"><b><a href=\"https:\/\/www.hrc-muenster.de\/wordpress\/?page_id=174\">Bilder, wie ich den Roller \u00fcbernommen habe, finden Sie in der Galerie.<\/a><\/b><\/span><\/span><\/p>\n<p class=\"western\"><span style=\"font-family: Times New Roman,serif;\"><span lang=\"de\">Da ja wie bekannt ist, f\u00fcr den Kiki jegliche Betriebsanleitung fehlt, habe ich w\u00e4hrend der Zerlegung laufen Fotos angefertigt, um evtl. nachher beim Zusammenbauen darauf zur\u00fcckgreifen zu k\u00f6nnen.<\/span><\/span><\/p>\n<p class=\"western\"><span style=\"font-family: Times New Roman,serif;\"><span lang=\"de\">Leider war der Motor mit allen Anschl\u00fcssen und Verkabelungen nicht im Rahmen. Bekanntlich ist beim Kiki die Schaltung zun\u00e4chst \u00fcber einen Bowdenzug zu einer Schaltwippe dann \u00fcber eine Umlenkung \u00fcber eine Schaltstange unter den Motorblock gef\u00fchrt.<\/span><\/span><\/p>\n<p class=\"western\"><span style=\"font-family: Times New Roman,serif;\"><span lang=\"de\">Die Schaltstange musste vom Club besorgt und dann von mir in allen drei Dimensionen r\u00e4umlich angepasst werden. Als die Stange dann angepasst und die Schaltung eingestellt war, ergab sich eine wunderbar zuverl\u00e4ssig, leicht zu schaltende Getriebeeinheit.<\/span><\/span><\/p>\n<p class=\"western\"><span style=\"font-family: Times New Roman,serif;\"><span lang=\"de\">Aber nun zur\u00fcck zum Anfang!!.<\/span><\/span><\/p>\n<p class=\"western\"><span style=\"font-family: Times New Roman,serif;\"><span lang=\"de\">&#8211; 2 Wochen Zerlegearbeit<\/span><\/span><\/p>\n<p class=\"western\"><span style=\"font-family: Times New Roman,serif;\"><span lang=\"de\">&#8211; Dann zur Firma Humberg in Nottuln zum Strahlen der Teile und zum<\/span><\/span><br \/>\n<span style=\"font-family: Times New Roman,serif;\"><span lang=\"de\"> Grundieren.<\/span><\/span><br \/>\n<span style=\"font-family: Times New Roman,serif;\"><span lang=\"de\">Hier wird erstklassige Arbeit geleistet, was die Vorbereitung zum Lackieren<\/span><\/span><br \/>\n<span style=\"font-family: Times New Roman,serif;\"><span lang=\"de\">ausmacht. Hut ab !!!, empfehlenswert !!!! . <\/span><\/span><br \/>\n<span style=\"font-family: Times New Roman,serif;\"><span lang=\"de\">Andreas Offer von der Firma Autohaus Breul in Albersloh hatte danach kr\u00e4ftige Ausbeularbeiten sowie Lackierarbeiten zu verrichten<\/span><\/span><br \/>\n<span style=\"font-family: Times New Roman,serif;\"><span lang=\"de\">Das Ergebnis war ph\u00e4nomenal!!<\/span><\/span><\/p>\n<p class=\"western\"><span style=\"font-family: Times New Roman,serif;\"><span lang=\"de\">Die Farbwahl gestaltete sich vorm Lackieren jedoch etwas schwierig. Meine liebe Frau Annette, meine Kinder, Herr Offer und ich beratschlagten anhand der polierten Vergaserklappe des Kofferkastens welche Farbe der Neuzeit nun dieser alten Farbe am n\u00e4chsten komme.<\/span><\/span><\/p>\n<p class=\"western\"><span style=\"font-family: Times New Roman,serif;\"><span lang=\"de\">Wir einigten uns dann auf T\u00fcrkisblau RAL 5018 ,<\/span><\/span><br \/>\n<span style=\"font-family: Times New Roman,serif;\"><span lang=\"de\">was nach dem Lackieren zun\u00e4chst gew\u00f6hnungsbed\u00fcrftig aber sehr interessant aussah. <\/span><\/span><\/p>\n<p class=\"western\"><span style=\"font-family: Times New Roman,serif;\"><span lang=\"de\">Alle Birnen waren defekt &#8211; 6 Volt Birnen sind schon etwas schwieriger zu bekommen.<\/span><\/span><\/p>\n<p class=\"western\"><span style=\"font-family: Times New Roman,serif;\"><span lang=\"de\">Mit der freundlichen Unterst\u00fctzung meines Heinkelstammtischkollegen Heinz Nixdorf, der ebenfalls einen durch ihn perfekt restaurierten Kiki in seinem Keller auf einem Perserteppich stehen hat, konnte ich an viele Fotos der zusammengebauten Einzelkomponenten kommen. Auch fertigte er mir eine Federaufnahme f\u00fcr das hintere Federbein. <\/span><\/span><br \/>\n<span style=\"font-family: Times New Roman,serif;\"><span lang=\"de\">Da hier Federbein und Sto\u00dfd\u00e4mpfer geteilt hintereinander verbaut vorliegen und da der Sto\u00dfd\u00e4mpfer leider nicht mitgeliefert wurde, musste ich mir eine in der L\u00e4nge und Federwirkung passende Einheit besorgen. <\/span><\/span><br \/>\n<span style=\"font-family: Times New Roman,serif;\"><span lang=\"de\">Ich wurde dann bei einem Motoradh\u00e4ndler f\u00fcndig, jedoch nur als Gebrauchtteil und als Kombieinheit. Federbein mit innenliegendem D\u00e4mpfer. Es gestaltete sich dann etwas schwierig, diese beiden Teile voneinander mit einer Flex zu trennen.<\/span><\/span><\/p>\n<p class=\"western\"><span style=\"font-family: Times New Roman,serif;\"><span lang=\"de\">Auch die vordere Federung ist nicht so, wie alle Heinkelfreunde das von ihren Rollern her kenne. Hier ist eine zentrale Feder verbaut. Aus Sicherheitsgr\u00fcnden und weil kein Zerlegeplan vorlag, belie\u00df ich diese Einheit so, wie sie war und restaurierte hier nur alles von au\u00dfen.<\/span><\/span><\/p>\n<p class=\"western\"><span style=\"font-family: Times New Roman,serif;\"><span lang=\"de\">Durch die immer vorhandene freundliche Unterst\u00fctzung von Herrn Kurz im Lager des Heinkelclubs konnten auch etliche Ersatzteile beschafft werden.<\/span><\/span><br \/>\n<span style=\"font-family: Times New Roman,serif;\"><span lang=\"de\">An vielen Heinkelstammtischabenden in M\u00fcnster konnten hier Probleme in Diskussionsrunden aus der Welt geschafft werden.<\/span><\/span><\/p>\n<p class=\"western\"><span style=\"font-family: Times New Roman,serif;\"><span lang=\"de\">Manches Kleinteil wechselte dort den Besitzer und half, den Kiki zu komplettieren.<\/span><\/span><\/p>\n<p class=\"western\"><span style=\"font-family: Times New Roman,serif;\"><span lang=\"de\">Es sollte aus Sicherheitsgr\u00fcnden auch eine Blinkanlage installiert werden.<\/span><\/span><br \/>\n<span style=\"font-family: Times New Roman,serif;\"><span lang=\"de\">Es stellte sich dann nat\u00fcrlich die Frage, welche Blinkertypen optisch jetzt zu dem Kiki passen w\u00fcrden.<\/span><\/span><br \/>\n<span style=\"font-family: Times New Roman,serif;\"><span lang=\"de\">Hier lie\u00df ich mich von Werner Schl\u00fcter inspirieren, der bereits Blinker mit einem kleinen Metallh\u00e4ubchen eines Krankenfahrstuhles verbaut hatte. Johannes Krebs konnte noch mit einigen dieser L\u00e4mpchen inklusive 6 Volt Birnen aushelfen, andere wurden auf Teilem\u00e4rkten erstanden.<\/span><\/span><\/p>\n<p class=\"western\"><span style=\"font-family: Times New Roman,serif;\"><span lang=\"de\">Alfred Geuting hatte noch einen Lampenhalter f\u00fcr die R\u00fccklichter und die Aufnahme des Nummernschildes in seinem Reservefundus und konnte mir diesen \u00fcberlassen.<\/span><\/span><\/p>\n<p class=\"western\"><span style=\"font-family: Times New Roman,serif;\"><span lang=\"de\">Dank nochmals an alle Heinkelstammtischmitglieder, besonders aber an Werner Schl\u00fcter und Johannes Krebs, die mir jederzeit mit Rat und Tat zur Seite standen.<\/span><\/span><\/p>\n<p class=\"western\"><span style=\"font-family: Times New Roman,serif;\"><span lang=\"de\">Und so wurde auf einem Schraubernachmittag bei Siegfried Kanther der Zylinder mit Kolben und Zylinderkopf aufgebaut und die Z\u00fcndanlage ausgebaut damit ich sie zur Instandsetzung zum Heinkelclub versenden konnte.<\/span><\/span><br \/>\n<span style=\"font-family: Times New Roman,serif;\"><span lang=\"de\">Im Nachhinein war es jedoch m\u00f6glich, eine komplett \u00fcberholte Z\u00fcndanlage zu erwerben und dann auch zu verbauen.<\/span><\/span><\/p>\n<p class=\"western\"><span style=\"font-family: Times New Roman,serif;\"><span lang=\"de\">Wie am Anfang bereits erw\u00e4hnt, wurde der Roller ja mit einer defekten Z\u00fcndanlage ver\u00e4u\u00dfert. Dieses Problem musste nat\u00fcrlich auch angegangen werden.<\/span><\/span><\/p>\n<p class=\"western\"><span style=\"font-family: Times New Roman,serif;\"><span lang=\"de\">Herr Kurz vom Club hatte jemanden an der Hand, der bereit etliche Male f\u00fcr Clubmitglieder Z\u00fcndanlagen restauriert hatte. Nach telefonischer Kontakaufnahme erkl\u00e4rte sich Herr bereit, hier Handanzulegen. Ich schickte alles an Herrn Kurtz<\/span><\/span> <span style=\"font-family: Times New Roman,serif;\"><span lang=\"de\">, der die komplette Einheit dann weiterleitete.<\/span><\/span><\/p>\n<p class=\"western\"><span style=\"font-family: Times New Roman,serif;\"><span lang=\"de\">2 Wochen sp\u00e4ter kam alles einbaufertig zur\u00fcck<\/span><\/span><\/p>\n<p class=\"western\"><span style=\"font-family: Times New Roman,serif;\"><span lang=\"de\">Nun hatte ich in der Zwischenzeit jedoch noch eine zus\u00e4tzliche v\u00f6llig \u00fcberholte Z\u00fcndanlage erwerben k\u00f6nnen, die ich dann mit Hilfe von Werner und Johann in den Motor einbauen konnte.<\/span><\/span><\/p>\n<p class=\"western\"><span style=\"font-family: Times New Roman,serif;\"><span lang=\"de\">Eine Anekdote sei noch erz\u00e4hlt.<\/span><\/span><\/p>\n<p class=\"western\"><span style=\"font-family: Times New Roman,serif;\"><span lang=\"de\">Da ich den Roller ja in meinem Werkzeugkeller auf einem alten Bierzelttisch aufgebaut habe und dieser bald wegen \u00dcberbelastung stark durchhing, fiel mir der Roller nachdem ich das Beinschild und das Trittbrett angebaut hatte, seitlich entgegen. Gl\u00fccklicherweise konnte ich den Sturz etwas abfangen und es entstand nur eine ca. 5 \u2013 10 cm gro\u00dfe Beule unten rechts am Beinschild. Mit viel Aufwand, Ausbeularbeit und selbst lackieren mit einer Airbrushpistole gelang eine fast unsichtbare Reparatur.<\/span><\/span><\/p>\n<p class=\"western\"><span style=\"font-family: Times New Roman,serif;\"><span lang=\"de\">Ein gro\u00dfes Problem waren auch die Aluminiumabschlussleisten am \u00e4u\u00dferen Rand des Blechtrittbrettes. Bedingt durch etliche St\u00fcrze meiner Vorbesitzer waren diese krumm, eingerissen, verbeult und verzogen. Ebenso war die Riffellung auf der Oberfl\u00e4che an einigen Stellen nicht mehr vorhanden. So musste dann also gegl\u00e4ttet, gerichtet, durch kleben und spachteln ausgebessert, und letztendlich lackiert werden, da es hierf\u00fcr keinen Ersatz mehr gibt. <\/span><\/span><\/p>\n<p class=\"western\"><span style=\"font-family: Times New Roman,serif;\"><span lang=\"de\">Es folgte die Verkabelung und das Verlegen aller Bowdenz\u00fcge. Hier waren mir Werner und Johann wieder eine gro\u00dfe Hilfe, da sie die Anschl\u00fcsse aller Kabel im Kopf hatten und diese auch f\u00fcr einen 6 Volt Roller anzuwenden waren.<\/span><\/span><\/p>\n<p class=\"western\"><span style=\"font-family: Times New Roman,serif;\"><span lang=\"de\">Als kr\u00f6nender Abschluss sollte dann nach der Fertigstellung noch eine Windschutzscheibe angebaut werden. Hier kam f\u00fcr mich aber nur die alte Form der Klipper scheibe in Frage. Es ergab sich, dass Gundolf J\u00f6hnk noch eine Klipperscheibe mit allen Komponenten herstellen konnte. Wir verabredeten uns auf dem Deutschlandtreffen in Salzbergen zur \u00dcbergabe.<\/span><\/span><br \/>\n<span style=\"font-family: Times New Roman,serif;\"><span lang=\"de\">Mit etwas T\u00fcftelarbeit lie\u00df sich diese dann auch gut montieren. <\/span><\/span><\/p>\n<p class=\"western\"><span style=\"font-family: Times New Roman,serif;\"><span lang=\"de\">Und so ist der Roller dann auch fertig geworden . Zur Loreley wurde dann eine Fahrt mit Werner Schl\u00fcter und Johann Krebs unternommen und wird mir immer in super Erinnerung bleiben.<\/span><\/span><\/p>\n<p class=\"western\"><span style=\"font-family: Times New Roman,serif;\"><span lang=\"de\">So, ich hoffe dass Ihr hiermit einen interessanten Artikel zur Bereicherung Eurer Freizeit und als Anregung zur weiteren Planung von \u00e4hnlichen Projekten erhalten habt.<\/span><\/span><\/p>\n<p class=\"western\"><span style=\"font-family: Times New Roman,serif;\"><span lang=\"de\">Gr\u00fc\u00dfe aus dem sonnigen Albersloh<\/span><\/span><\/p>\n<p class=\"western\"><span style=\"font-family: Times New Roman,serif;\"><span lang=\"de\">Rainer \u2013 Maria Deppe<\/span><\/span><\/p>\n<p class=\"western\"><span style=\"font-family: Times New Roman,serif;\"><span lang=\"de\">P.S.<\/span><\/span><\/p>\n<p class=\"western\"><span style=\"font-family: Times New Roman,serif;\"><span lang=\"de\">Wenn jemand mal eine vollst\u00e4ndige Heinkel Kabine zu einem akzeptablen Preis anzubieten oder zu vermitteln h\u00e4tte, w\u00e4re ich bereit, diese zu erwerben und zu restaurieren.<\/span><\/span><\/p>\n","protected":false},"excerpt":{"rendered":"<p>&nbsp; Restaurieren eines Kiki 101 A0 6 Volt Baujahr 1954 von Rainer \u2013 Maria Deppe Tel.: 02535 &#8211; 8168 Mobil: 0172 &#8211; 5346494 Sept. 2011 \u2013 Mai 2012 Auf unserem Abheinkeln in Havixbeck im Herbst 2010 erfuhr ich in Gespr\u00e4chen mit Hubert Bachhausen und Alois Berg von einem angefangenen Heinkelprojekt im Raum Aachen. Da ich &hellip; <a href=\"https:\/\/www.hrc-muenster.de\/wordpress\/berichte\/kiki-101-a0\/\" class=\"more-link\"><span class=\"screen-reader-text\">\u201eKiki 101 A0\u201c <\/span>weiterlesen<\/a><\/p>\n","protected":false},"author":2,"featured_media":0,"parent":221,"menu_order":98,"comment_status":"closed","ping_status":"closed","template":"","meta":{"footnotes":""},"class_list":["post-282","page","type-page","status-publish","hentry"],"_links":{"self":[{"href":"https:\/\/www.hrc-muenster.de\/wordpress\/wp-json\/wp\/v2\/pages\/282","targetHints":{"allow":["GET"]}}],"collection":[{"href":"https:\/\/www.hrc-muenster.de\/wordpress\/wp-json\/wp\/v2\/pages"}],"about":[{"href":"https:\/\/www.hrc-muenster.de\/wordpress\/wp-json\/wp\/v2\/types\/page"}],"author":[{"embeddable":true,"href":"https:\/\/www.hrc-muenster.de\/wordpress\/wp-json\/wp\/v2\/users\/2"}],"replies":[{"embeddable":true,"href":"https:\/\/www.hrc-muenster.de\/wordpress\/wp-json\/wp\/v2\/comments?post=282"}],"version-history":[{"count":3,"href":"https:\/\/www.hrc-muenster.de\/wordpress\/wp-json\/wp\/v2\/pages\/282\/revisions"}],"predecessor-version":[{"id":285,"href":"https:\/\/www.hrc-muenster.de\/wordpress\/wp-json\/wp\/v2\/pages\/282\/revisions\/285"}],"up":[{"embeddable":true,"href":"https:\/\/www.hrc-muenster.de\/wordpress\/wp-json\/wp\/v2\/pages\/221"}],"wp:attachment":[{"href":"https:\/\/www.hrc-muenster.de\/wordpress\/wp-json\/wp\/v2\/media?parent=282"}],"curies":[{"name":"wp","href":"https:\/\/api.w.org\/{rel}","templated":true}]}}