{"id":950,"date":"2018-06-12T16:22:01","date_gmt":"2018-06-12T14:22:01","guid":{"rendered":"https:\/\/www.hrc-muenster.de\/wordpress\/?page_id=950"},"modified":"2018-10-29T11:55:59","modified_gmt":"2018-10-29T10:55:59","slug":"datenschutzerklaerung","status":"publish","type":"page","link":"https:\/\/www.hrc-muenster.de\/wordpress\/datenschutzerklaerung\/","title":{"rendered":"Datenschutzerkl\u00e4rung"},"content":{"rendered":"<h2>Wer wir sind<\/h2>\n<p>Die Adresse unserer Website ist: https:\/\/www.hrc-muenster.de\/wordpress.<\/p>\n<h2>Welche personenbezogenen Daten wir sammeln und warum wir sie sammeln<\/h2>\n<h3>Kommentare<\/h3>\n<p>Besucher k\u00f6nnen keine Kommentare auf der Website schreiben. Wir erfassen keine IP-Adresse des Besuchers.<\/p>\n<p>Aus deiner E-Mail-Adresse wird keine anonymisierte Zeichenfolge erstellt (auch Hash genannt).<\/p>\n<h3>Medien<\/h3>\n<p>Es gibt keinen fremd registrierten Benutzer, der Fotos und Videos auf diese Website l\u00e4d. Besucher dieser Website k\u00f6nnten Fotos und Videos, auf dieser Website ansehen, eventuell herunterladen.<\/p>\n<h3>Kontaktformulare<\/h3>\n<p>Ist nicht integriert.<\/p>\n<h3>Cookies<\/h3>\n<p><span style=\"font-size: medium;\"><span style=\"font-family: Arial, serif;\">Die Homepage des <\/span><span style=\"font-family: Arial, serif;\">Heinkel-Roller-Club-M\u00fcnster<\/span><span style=\"font-family: Arial, serif;\"> benutzt weder Software zur Erfassung und Speicherung von Daten der Seitenbesucher, noch hinterl\u00e4sst sie Daten oder Texte (<\/span><span style=\"font-family: Arial, serif;\">z<\/span><span style=\"font-family: Arial, serif;\">. B. Cookies) auf dem Rechner des Besuchers, die zu dessen ldentifizierung dienen k\u00f6nnen.<\/span><\/span><\/p>\n<p><span style=\"font-size: medium;\"><span style=\"font-family: Arial, serif;\">Auch externe Dienstleister, die lnformationen \u00fcber Seitenbesucher erfassen (<\/span><span style=\"font-family: Arial, serif;\">z<\/span><span style=\"font-family: Arial, serif;\">. B. Google, AdWords, Google Analystics etc.) und zur Nutzung weitergeben, werden von uns nicht eingesetzt.<\/span><\/span><\/p>\n<p><span style=\"font-size: medium;\"><span style=\"font-family: Arial, serif;\">\u00a0<\/span><\/span><\/p>\n<h3>Eingebettete Inhalte von anderen Websites<\/h3>\n<p>Beitr\u00e4ge auf dieser Website k\u00f6nnen eingebettete Inhalte beinhalten (z.\u00a0B. Videos, Bilder, Beitr\u00e4ge etc.). Eingebettete Inhalte von anderen Websites verhalten sich exakt so, als ob der Besucher die andere Website besucht h\u00e4tte.<\/p>\n<p>Diese Websites k\u00f6nnen Daten \u00fcber dich sammeln, Cookies benutzen, zus\u00e4tzliche Tracking-Dienste von Dritten einbetten und deine Interaktion mit diesem eingebetteten Inhalt aufzeichnen, inklusive deiner Interaktion mit dem eingebetteten Inhalt.<\/p>\n<h3>Analysedienste<\/h3>\n<p>Werden nicht angeboten und durchgef\u00fchrt.<\/p>\n<h2>Mit wem wir deine Daten teilen<\/h2>\n<p><span style=\"font-size: medium;\"><span style=\"font-family: Arial, serif;\">Der Stammtisch Heinkel-Roller-Club-M\u00fcnster (HRC-MS) ben\u00f6tigt f\u00fcr seine ehrenamtliche Arbeit personen-bezogene <\/span><span style=\"font-family: Arial, serif;\">Daten seiner <\/span><span style=\"font-family: Arial, serif;\">Stammtisch-<\/span><span style=\"font-family: Arial, serif;\">Mitglieder im Rahmen der <\/span><span style=\"font-family: Arial, serif;\">Stammtisch<\/span><span style=\"font-family: Arial, serif;\">f\u00fchrung <\/span><span style=\"font-family: Arial, serif;\">und Finanzierung<\/span><span style=\"font-family: Arial, serif;\">.<br \/>\nDies<\/span><span style=\"font-family: Arial, serif;\">es<\/span><span style=\"font-family: Arial, serif;\"> sind:<br \/>\n[Namen; <\/span><span style=\"font-family: Arial, serif;\">Anschrift; Geburtsdaten; E-Mail-Adresse; Telefon-Nr.]<\/span><\/span> \/ Kontodaten werden nicht erfasst.<\/p>\n<p><span style=\"font-size: medium;\"><span style=\"font-family: Arial, serif;\">Um jedoch eine im <\/span><span style=\"font-family: Arial, serif;\">Stammtisch<\/span><span style=\"font-family: Arial, serif;\"> ausdr\u00fccklich erw\u00fcnschte Kommunikation untereinander zu erm\u00f6glichen, k\u00f6nnen die <\/span><span style=\"font-family: Arial, serif;\">Stammtisch-<\/span><span style=\"font-family: Arial, serif;\">Mitglieder eine eingeschr\u00e4nkte Mitglieder-Datei erhalten. <\/span><\/span><span style=\"font-size: medium;\"><span style=\"font-family: Arial, serif;\">Mitgliedsbeitr\u00e4ge werden NICHT erhoben, kassiert oder eingezogen.<\/span><\/span><\/p>\n<p><span style=\"font-size: medium;\"><span style=\"font-family: Arial, serif;\">\u00a0<\/span><\/span><\/p>\n<h2>Wie lange wir deine Daten speichern<\/h2>\n<p><span style=\"color: #000000;\"><span style=\"font-family: Arial, sans-serif;\"><span style=\"font-size: medium;\">Daten werden gel\u00f6scht, wenn ein Mitglied den <\/span><\/span><\/span><span style=\"color: #000000;\"><span style=\"font-family: Arial, sans-serif;\"><span style=\"font-size: medium;\">Stammtisch<\/span><\/span><\/span><span style=\"color: #000000;\"><span style=\"font-family: Arial, sans-serif;\"><span style=\"font-size: medium;\"> verl\u00e4sst.<\/span><\/span><\/span><\/p>\n<h2>Welche Rechte du an deinen Daten hast<\/h2>\n<p>Wenn du ein Stammtischmitglied bist, kannst du einen Export deiner personenbezogenen Daten bei uns anfordern, inklusive aller Daten, die du uns mitgeteilt hast. Dar\u00fcber hinaus kannst du die L\u00f6schung aller personenbezogenen Daten, die wir von dir gespeichert haben, anfordern. Dies umfasst nicht die Daten, die wir aufgrund administrativer, rechtlicher oder sicherheitsrelevanter Notwendigkeiten aufbewahren m\u00fcssen.<\/p>\n<h2>Wohin wir deine Daten senden<\/h2>\n<p>Besucherdaten werden nicht erfasst. Angeforderte eigenen Daten von Stammtisch-Mitgliedern werden nur an den Antragsteller aus dem Stammtisch selbst zu gesandt.<\/p>\n<h2>Deine Kontakt-Informationen<\/h2>\n<p><span style=\"color: #000000;\"><span style=\"font-family: Arial, sans-serif;\"><span style=\"font-size: medium;\">Die <\/span><\/span><\/span><span style=\"color: #000000;\"><span style=\"font-family: Arial, sans-serif;\"><span style=\"font-size: medium;\">Stammtisch<\/span><\/span><\/span><span style=\"color: #000000;\"><span style=\"font-family: Arial, sans-serif;\"><span style=\"font-size: medium;\">mitglieder haben das Recht auf Information \u00fcber die Verwendung ihrer Daten. Hierzu erkl\u00e4rt der <\/span><\/span><\/span><span style=\"color: #000000;\"><span style=\"font-family: Arial, sans-serif;\"><span style=\"font-size: medium;\">Datenverwalter<\/span><\/span><\/span><span style=\"color: #000000;\"><span style=\"font-family: Arial, sans-serif;\"><span style=\"font-size: medium;\">, dass die pers\u00f6nlichen Daten nur f\u00fcr die interne <\/span><\/span><\/span><span style=\"color: #000000;\"><span style=\"font-family: Arial, sans-serif;\"><span style=\"font-size: medium;\">Stammtisch<\/span><\/span><\/span><span style=\"color: #000000;\"><span style=\"font-family: Arial, sans-serif;\"><span style=\"font-size: medium;\">arbeit genutzt werden.<\/span><\/span><\/span><span style=\"color: #000000;\"><span style=\"font-family: Arial, sans-serif;\"><span style=\"font-size: medium;\"><br \/>\n<\/span><\/span><\/span><span style=\"color: #000000;\"><span style=\"font-family: Arial, sans-serif;\"><span style=\"font-size: medium;\">Eine Weitergabe an Dritte erfolgt nicht.<br \/>\nEin kleiner Teil der Daten wird durch die ww<\/span><\/span><\/span><span style=\"color: #000000;\"><span style=\"font-family: Arial, sans-serif;\"><span style=\"font-size: medium;\">w<\/span><\/span><\/span><span style=\"color: #000000;\"><span style=\"font-family: Arial, sans-serif;\"><span style=\"font-size: medium;\">.<\/span><\/span><\/span><span style=\"color: #000000;\"><span style=\"font-family: Arial, sans-serif;\"><span style=\"font-size: medium;\">hrc-muenster<\/span><\/span><\/span><span style=\"color: #000000;\"><span style=\"font-family: Arial, sans-serif;\"><span style=\"font-size: medium;\">.de \u00f6ffentlich.<br \/>\nHierbei handelt es sich um den <\/span><\/span><\/span><span style=\"color: #000000;\"><span style=\"font-family: Arial, sans-serif;\"><span style=\"font-size: medium;\">Stammtisch<\/span><\/span><\/span><span style=\"color: #000000;\"><span style=\"font-family: Arial, sans-serif;\"><span style=\"font-size: medium;\">kalender, der die Namen der <\/span><\/span><\/span><span style=\"color: #000000;\"><span style=\"font-family: Arial, sans-serif;\"><span style=\"font-size: medium;\">Veranstaltungen<\/span><\/span><\/span> <span style=\"color: #000000;\"><span style=\"font-family: Arial, sans-serif;\"><span style=\"font-size: medium;\">und deren Ausrichter <\/span><\/span><\/span><span style=\"color: #000000;\"><span style=\"font-family: Arial, sans-serif;\"><span style=\"font-size: medium;\">enth\u00e4lt und Bildmaterial von Veranstaltungen des <\/span><\/span><\/span><span style=\"color: #000000;\"><span style=\"font-family: Arial, sans-serif;\"><span style=\"font-size: medium;\">Heinkel-Roller-Club M\u00fcnster<\/span><\/span><\/span><span style=\"color: #000000;\"><span style=\"font-family: Arial, sans-serif;\"><span style=\"font-size: medium;\">.<br \/>\nGleiches gilt f\u00fcr gelegentliche Ver\u00f6ffentlichungen in der Tageszeitung.<\/span><\/span><\/span><\/p>\n<h3>Wie wir deine Daten sch\u00fctzen<\/h3>\n<p>Die Speicherung der erhobenen Daten erfolgt bei den Stammtischmitgliedern, die aufgrund ihrer Funktion mit der Verarbeitung der Daten betraut sind. Dies sind der\u00a0Administrator und dessen Vertretung. Gespeichert werden die Daten dort auf passwortgesch\u00fctzten Datentr\u00e4gern, die nicht mit dem lnternet verbunden sind. Die mit der Datenverarbeitung betrauten Stammtisch-Mitglieder sind dar\u00fcber informiert, dass es ihnen verboten ist, Stammtisch-Mitgliederdaten an Externe weiterzugeben, Externen Einblick zu geben oder die Mitgliederdaten f\u00fcr nicht stammtischbedingte Zwecke zu verwenden. Um jedoch eine im Stammtisch ausdr\u00fccklich erw\u00fcnschte Kommunikation untereinander zu erm\u00f6glichen, k\u00f6nnen die Stammtisch-Mitglieder eine eingeschr\u00e4nkte Mitglieder-Datei erhalten.<\/p>\n<p>Die Datenverarbeitung\/-nutzung besteht aus:<br \/>\ndem Erfassen, Sichern und Anlegen von Dateien auf Datentr\u00e4gern, um sie Stammtischintern verwenden zu k\u00f6nnen:<br \/>\nf\u00fcr das Versenden von E-Mails oder Briefen an die Mitglieder,<br \/>\nf\u00fcr die Kommunikation untereinander per Telefon oder andere digitale Medien<br \/>\n(z. B. SMS etc.).<\/p>\n<h3>Welche Ma\u00dfnahmen wir bei Datenschutzverletzungen anbieten<\/h3>\n<p>Kommt es bei der Verarbeitung von Daten zu Sicherheitsvorf\u00e4llen, so bestehen gesetzliche Meldeverpflichtungen.<\/p>\n<h3>Von welchen Drittanbietern wir Daten erhalten<\/h3>\n<p><span style=\"color: #000000;\"><span style=\"font-family: Arial, sans-serif;\"><span style=\"font-size: medium;\">Bei Auftragsvergabe ( Bereitstellung von Speicher f\u00fcr die Internetseite) ist ein schriftlicher Vertrag zu schlie\u00dfen.Dieser Vertrag existiert mit der Firma \u201e<\/span><\/span><\/span><span style=\"color: #000000;\"><span style=\"font-family: Arial, sans-serif;\"><span style=\"font-size: medium;\">United-Domains; StartCom; WordPress<\/span><\/span><\/span><span style=\"color: #000000;\"><span style=\"font-family: Arial, sans-serif;\"><span style=\"font-size: medium;\">\u201c.<\/span><\/span><\/span><\/p>\n<h3>Welche automatisierte Entscheidungsfindung und\/oder Profilerstellung wir mit Benutzerdaten durchf\u00fchren<\/h3>\n<p>keine<\/p>\n","protected":false},"excerpt":{"rendered":"<p>Wer wir sind Die Adresse unserer Website ist: https:\/\/www.hrc-muenster.de\/wordpress. Welche personenbezogenen Daten wir sammeln und warum wir sie sammeln Kommentare Besucher k\u00f6nnen keine Kommentare auf der Website schreiben. Wir erfassen keine IP-Adresse des Besuchers. Aus deiner E-Mail-Adresse wird keine anonymisierte Zeichenfolge erstellt (auch Hash genannt). Medien Es gibt keinen fremd registrierten Benutzer, der Fotos und &hellip; <a href=\"https:\/\/www.hrc-muenster.de\/wordpress\/datenschutzerklaerung\/\" class=\"more-link\"><span class=\"screen-reader-text\">\u201eDatenschutzerkl\u00e4rung\u201c <\/span>weiterlesen<\/a><\/p>\n","protected":false},"author":2,"featured_media":0,"parent":0,"menu_order":14,"comment_status":"closed","ping_status":"closed","template":"","meta":{"footnotes":""},"class_list":["post-950","page","type-page","status-publish","hentry"],"_links":{"self":[{"href":"https:\/\/www.hrc-muenster.de\/wordpress\/wp-json\/wp\/v2\/pages\/950","targetHints":{"allow":["GET"]}}],"collection":[{"href":"https:\/\/www.hrc-muenster.de\/wordpress\/wp-json\/wp\/v2\/pages"}],"about":[{"href":"https:\/\/www.hrc-muenster.de\/wordpress\/wp-json\/wp\/v2\/types\/page"}],"author":[{"embeddable":true,"href":"https:\/\/www.hrc-muenster.de\/wordpress\/wp-json\/wp\/v2\/users\/2"}],"replies":[{"embeddable":true,"href":"https:\/\/www.hrc-muenster.de\/wordpress\/wp-json\/wp\/v2\/comments?post=950"}],"version-history":[{"count":6,"href":"https:\/\/www.hrc-muenster.de\/wordpress\/wp-json\/wp\/v2\/pages\/950\/revisions"}],"predecessor-version":[{"id":1001,"href":"https:\/\/www.hrc-muenster.de\/wordpress\/wp-json\/wp\/v2\/pages\/950\/revisions\/1001"}],"wp:attachment":[{"href":"https:\/\/www.hrc-muenster.de\/wordpress\/wp-json\/wp\/v2\/media?parent=950"}],"curies":[{"name":"wp","href":"https:\/\/api.w.org\/{rel}","templated":true}]}}